 h - 5*l. What is the units digit of h?
6
What is the hundreds digit of 2/(-26) + ((-2629728)/52)/(-9)?
6
Let w = 12 - -4. Let c = w + -14. Suppose -c*d + 3 + 0 = -3*z, z = -4*d + 13. What is the units digit of d?
3
What is the hundreds digit of 50/(8/(-18)*(-15)/100)?
7
Let y(r) be the first derivative of 21*r**2/2 + 21*r + 29. What is the hundreds digit of y(13)?
2
What is the units digit of (-14)/21 + 364/6?
0
Suppose 0 = -j + 3*j - 10. Let w be (-12)/(-20) + 132/j. What is the tens digit of (w/(-4))/(6/(-16))?
1
Suppose 0 = 60*q - 52*q - 16. What is the units digit of q/(99/(-371) - 30/(-105))?
6
Let t be (-2)/5 - 84/(-10). Let x(n) = -n**2 + 8*n + 9. Let i be x(t). Suppose 0 = z - i - 26. What is the tens digit of z?
3
Let s(u) = u**2 + u + 2. Let a = 31 - 22. Let k = -9 + a. What is the units digit of s(k)?
2
Let x(q) = 7*q**2 - 36*q - 9. Let d(f) = -15*f**2 + 77*f + 19. Let l(o) = -6*d(o) - 13*x(o). Let r be (3/4)/(1/4). What is the tens digit of l(r)?
1
Suppose 3*a - 8*a = -4*p + 7, -4*p + 17 = 5*a. Suppose 3*h - 32*g = -28*g + 130, 214 = 5*h - 4*g. Suppose u + h = p*u. What is the tens digit of u?
2
Suppose 47*r = 56*r - 6705. What is the hundreds digit of r?
7
What is the hundreds digit of (-107536)/(-99) - (-2 - (-20)/9)?
0
Suppose k = -3*v - 0*v + 14, 4*v - 27 = -3*k. Suppose -22 = -u - 3*r - 5, 2*u - 25 = -v*r. Suppose -6*n - 112 = -u*n. What is the units digit of n?
6
Let n(c) = 151*c**2 + 18*c - 35. What is the thousands digit of n(4)?
2
Let v(r) = r**3 + 6*r**2 + 5*r - 3. Let g be v(-4). Suppose 6*m = g*m - 18. What is the units digit of m?
6
Suppose -23*t + 15768 = -17007. What is the hundreds digit of t?
4
Let c = -366 + 818. What is the tens digit of c?
5
Suppose 692 = 2*m + 5*a - 128, -5*a - 1670 = -4*m. What is the units digit of m?
5
Let z be ((-3)/2)/((-1)/(-26)). What is the units digit of (-104)/z*162/8?
4
Let j = 72 + 1374. Suppose -j = -13*l + 556. What is the tens digit of l?
5
Let d(b) = -2*b + 12. Let f be d(5). Let n(i) = -i - 4. Let v be n(f). What is the units digit of (-536)/(-24) - (-2)/v?
2
Let r be ((-3)/2)/(6/(-16)). Suppose -r*v - 30 = 18. What is the units digit of ((-8)/v)/((-2)/(-66))?
2
Suppose 12 = -8*f + 20. Let g be (-4)/3*(-126)/(-4). What is the tens digit of 4 - 0 - (f + g)?
4
What is the tens digit of (205/(-82))/(633/318 + -2)?
6
Let z = 36 + -35. What is the units digit of 4 + z + 5/(-5) + 3?
7
Let v(o) = -39*o + 2. Let r(j) = -1. Let n(g) = r(g) + v(g). Let d be n(3). What is the units digit of (12/8)/((-6)/d)?
9
Suppose l - 3*a + 28 = 6*l, -5*a + 15 = 2*l. Suppose l*w + 128 = -2*t + 5*t, -w - 206 = -5*t. What is the tens digit of t?
4
Suppose -5*p - 766 = -61. What is the units digit of (-5)/(-10) + p/(-6)?
4
Let t(s) = -s**2 + 7*s + 3. Let m be t(7). Suppose 0 = m*c + c - 132. Suppose 2*h - 55 = c. What is the units digit of h?
4
Let c be ((-16)/(-4))/2 + 1. Suppose -5*b + 199 = -c*k, 0 = -b + 5*k + 34 + 19. What is the units digit of b?
8
What is the tens digit of 19/(-57) + (-1342)/(-3)?
4
Let f = -356 + 683. What is the tens digit of f?
2
What is the thousands digit of 9 - (-1482)/12*14?
1
Suppose -b + 1757 = -4*m, -3*b - m + 1767 = -2*b. What is the tens digit of b?
6
Let o = -10 + 8. Let b(t) = -15*t**3 - t**2 + 3*t + 2. What is the tens digit of b(o)?
1
Suppose -4*v = 7*l - 12*l + 666, 4*l - 3*v - 533 = 0. What is the tens digit of l?
3
What is the hundreds digit of 3 + 7 - 11 - -1131?
1
Let o(q) = -q + 13. Let j be o(10). Suppose 55 - 214 = -j*s. What is the tens digit of s?
5
Let i = 250 + -175. Let s(x) = -2*x**2 + 10*x. Let z be s(8). Let f = i + z. What is the units digit of f?
7
Let u = 99 + -21. Let d = 93 - u. What is the units digit of d?
5
Let z = 16 + -14. What is the tens digit of z - ((-8)/(-6))/((-4)/390)?
3
What is the tens digit of 6214/6 - 9/(-27)?
3
Let b be 1 - 0 - 3/3. Let c be (-36)/(-20) - (-2 - -1)/5. Suppose b = 4*d - c*g + 8 - 68, -d + 3*g + 25 = 0. What is the tens digit of d?
1
Suppose -a + 122 = -4*a - 2*o, -4*o = 4*a + 156. Let q be 10/4*a/(-5). Suppose n = -2*i + q, i + 3*n + 6 = 3*i. What is the units digit of i?
9
What is the units digit of 64/(-80) + 828/10?
2
Let w(p) = 37*p**2 + 14*p - 12. What is the hundreds digit of w(-6)?
2
Let f(z) = z**2 - 2*z - 7. Let o = -13 + 24. Suppose 5*i - 42 = n, 3*i + n - o - 11 = 0. What is the tens digit of f(i)?
4
Let w = -15 - -13. Let o = w + 2. Suppose -5*m + 52 + 8 = o. What is the tens digit of m?
1
Suppose 6*l = 2*l + 1620. What is the hundreds digit of l?
4
Let g = 617 + -382. Let r(t) = -t**3 - 7*t**2 - t - 3. Let z be r(-7). Suppose -c = -4*k - 0 - 73, -3*k + g = z*c. What is the units digit of c?
1
What is the tens digit of (-8548)/(-18) - (225/81)/(-25)?
7
Let s(x) = x - 1. Let a(f) = 2*f + 8. Let i(t) = a(t) - 3*s(t). What is the units digit of i(9)?
2
Let f(n) = -n**3 - 13*n**2 + 12*n - 20. Let s be f(-14). Suppose 3*q - 4 = s. Suppose 0 = -q*w - 2 + 6. What is the units digit of w?
1
Let y = -91 + 94. What is the units digit of (-4)/(-8) - y/6 - -235?
5
Let j(f) = -2*f**2 + 15*f - 25. Let x be j(5). Suppose 1694 = 14*a - x*a. What is the units digit of a?
1
Suppose 0 = -2*s + 2*r + 4, -6*r + 2 = 5*s - 3*r. Let t = s - -14. Let p = t + -10. What is the units digit of p?
5
What is the tens digit of (-6 - -1818) + -9 - -1?
0
Let i = -114 + 296. What is the hundreds digit of i?
1
Suppose -5*f + 425 = 6*z - z, -176 = -2*z + f. What is the units digit of z?
7
Suppose -35*o + 4*l = -30*o - 800, o - 146 = -2*l. What is the hundreds digit of o?
1
Let n(o) be the second derivative of o**4/6 - 7*o**3/3 + o**2/2 - 17*o. What is the tens digit of n(9)?
3
Suppose -3*b - f = 3*f - 1, b - f - 5 = 0. Suppose 3*t + 10 = -5*j + 42, -3*t + 36 = b*j. What is the tens digit of t?
1
Let j = 547 + 102. What is the tens digit of j?
4
Let i = -63 + 32. Let p be 1359/(-15) - 15/(-25). Let j = i - p. What is the tens digit of j?
5
Suppose 111*i - 19817 = 327391. What is the thousands digit of i?
3
Let h(l) = 777*l - 51. What is the tens digit of h(4)?
5
Let s = -97 + 373. What is the units digit of s?
6
Let a(g) = -11*g - 11. Let c(u) = u**3 + 18*u**2 + 17*u - 5. Suppose -2*m = -4*x - 66, m + 5 = -4*m. Let t be c(x). What is the tens digit of a(t)?
4
Let b be 10*2*8/(-40). Suppose -r + 5*r = 88. Let z = b + r. What is the units digit of z?
8
Let g be 4/(-12) - (-19)/3. Let f be (g/(-8))/(3/(-8)). Suppose -3*a + 4*v + 12 = -22, 2*v = -f*a + 18. What is the tens digit of a?
1
Suppose f - 16 - 68 = y, 0 = -4*f - 4*y + 360. Let x = -55 + f. What is the units digit of x?
2
Suppose 4*b = 7 + 1. Let t(q) = -q + 1. Let f be t(2). What is the tens digit of 36 + b + -4 + f?
3
Let r(u) = -2*u - 6. Let i be r(-2). What is the hundreds digit of -4 + 332 + (-7 - i)?
3
Suppose -85*x - 240 = -93*x. What is the units digit of x?
0
Let k(o) = 2*o**2 + 9*o - 12. Let f be k(-11). Suppose -7 + f = -4*r. Let h = 97 + r. What is the tens digit of h?
6
Suppose 2*o - 5*t = -15, o = t - 5*t + 12. Suppose 2*p = -5*g - o*g - 12, 0 = 2*g + 8. Suppose -p*i + 125 = -47. What is the units digit of i?
3
Suppose -2*u - 4202 = -0*k - 2*k, -3*u + 3 = 0. What is the hundreds digit of k?
1
Let l(y) = y + 20. Let m be l(-10). Let g = -17 + m. Let d(a) = -a**2 - 9*a - 1. What is the units digit of d(g)?
3
Let l(z) be the second derivative of -z**5/20 - z**4/12 - 11*z**2 + 7*z. Let p be l(0). Let k = 30 + p. What is the units digit of k?
8
Suppose -4*y + 4 = f - 1, -67 = 5*f - 3*y. Let h be ((-1)/3)/(f/(-627)). What is the tens digit of 9/3 - h - 1?
2
Let k = -2326 - -2859. What is the hundreds digit of k?
5
Let p(i) = 38*i. Let w(m) = -115*m - 1. Let q(g) = -7*p(g) - 2*w(g). What is the tens digit of q(-1)?
3
Suppose 3*f = -2*f - l + 565, -2*l = 3*f - 332. What is the units digit of f?
4
Let g be (-2 + 3/1)/(2/206). What is the units digit of 1 - (2/(-2) - g)?
5
What is the units digit of ((16/2)/1)/(66/2376)?
8
What is the units digit of -3*2/12*2*-47?
7
Let t be (-4 + (10 - 6))*1/2. Let k(m) = 6*m + 86. What is the tens digit of k(t)?
8
Let x = -9 + 15. Suppose 0*h = x*h - 36. Suppose -h*a + 109 + 35 = 0. What is the tens digit of a?
2
What is the hundreds digit of (56/490*329)/(2/95)?
7
Suppose 287 = 5*s + 3*g, -5*s + 78 = 4*g - 208. Let a = s - 44. What is th